 Let i be (-1)/(1 + r/10). Suppose -4*y + i*y = 0. Let q(n) = n**3 + n**2 - n - 8. Give q(y).
-8
Let u(q) be the third derivative of q**5/60 - q**4/24 - q**3/6 - 29*q**2. Determine u(-1).
1
Let j(v) = v**2 + 3*v + 3. Let b = 10 - 7. Suppose b*m - 20 = 8*m. Give j(m).
7
Let j(a) be the first derivative of a**2/2 - 8*a + 11. Give j(8).
0
Let l(m) = -m**3 - 3*m**2 - 4*m - 3. Let n = -99 - -97. What is l(n)?
1
Let l(a) = a + 15 + 8 - 3 - 7. Calculate l(-8).
5
Let i = 21 - 16. Let b(o) = o**3 - 5*o**2 + 3*o + 1. Give b(i).
16
Suppose i = j, 5*i + 3*j + 18 - 2 = 0. Let p(r) = -3*r - 3. Let v be p(-2). Let b(z) = -3*z**2 - v + 5 - z**3 - z**3. Give b(i).
6
Let z(a) = a**2 + 1. Let j = 4 - 5. Let b be z(j). Let g(r) = 0*r - 2 + b*r - r. Give g(5).
3
Let f = -28 + 34. Let d(l) be the third derivative of l**4/24 - l**3/2 - 2*l**2. Determine d(f).
3
Let i = 2 - -2. Let t(a) = -2*a + a + 1 + 2*a. Calculate t(i).
5
Let q(o) be the second derivative of -o**3/3 + o**2/2 + 34*o. Let x be (-3)/(-12) + 6/8. Give q(x).
-1
Let c(q) be the third derivative of 0 + 1/15*q**5 - 1/120*q**6 + 0*q - 1/3*q**3 - 1/8*q**4 - 6*q**2. Determine c(3).
-2
Let v = -51 + 45. Let l(b) = b**2 + 8*b + 6. Give l(v).
-6
Let p(n) = -n**3 - 3*n**2 - 7*n - 4. Let i(t) = 3*t**3 + 10*t**2 + 21*t + 12. Let l(y) = -3*i(y) - 8*p(y). Give l(-5).
6
Let y(r) be the first derivative of r**2 + 5*r - 24. What is y(5)?
15
Let i be (1 - -1)/(12 - 11). Let o(h) = 2*h**3 - 3*h**2 + 2*h. Determine o(i).
8
Let m be 6/5*30/9. Suppose -2*u = a - 1, -4 = -m*a + 3*u - 6*u. Suppose 1 + a = r. Let x(s) = -s**2 + 1. Determine x(r).
-3
Let f be 0/(-22) - (-1 + -2). Let o(h) be the first derivative of -3 + 2/3*h**f + 0*h**2 - 2*h. Determine o(-2).
6
Let t be (-1 - 0) + (3 - 2). Let s = t + 0. Let u(o) = 7 - 2*o + 1 - 3*o**2 + 4*o**2 + o. Calculate u(s).
8
Suppose 10 = -2*f - 0. Let l(g) = 4*g**3 - 4*g**2 - 3. Let i(w) = 7*w**3 - 5*w**2 - 20 - 2*w**2 + 15. Let c(s) = f*l(s) + 3*i(s). What is c(1)?
0
Let r be 2/(-2) - (-1 - 7). Suppose 8 = 3*d - r. Let m(b) = 2*b - 7. Determine m(d).
3
Let p(d) be the third derivative of -d**7/720 - d**6/720 - d**5/30 - 5*d**2. Let a(k) be the third derivative of p(k). What is a(1)?
-8
Let v = -3 - -2. Let q(n) = 15*n**3 + 3*n**2 - 4*n. Let h(u) = 5*u**3 + u**2 - u. Let f(z) = -7*h(z) + 2*q(z). Determine f(v).
5
Let x(g) = g**3 + 5*g**2 - 5*g - 2. Let f be x(-6). Let n be (f/(-2))/((-4)/(-6)). Let t(a) = -3*a - n + 1 + 2*a. Calculate t(-4).
-1
Let o(k) = -k**2 - 3*k - 4. Let j(t) = -8*t + 1. Let w be j(1). Let c = w + 3. What is o(c)?
-8
Let o(x) be the third derivative of -x**6/120 - x**5/60 - x**4/12 - x**3/2 + 3*x**2. Let m be (2 - (1 + 0))*-1. Let s be 3 + m - 1*4. Determine o(s).
5
Let v(d) = -d**3 + 2*d**2 + d + 1. Let x = -11 - -14. Give v(x).
-5
Let m = 4 - 6. Let o(q) be the third derivative of 7*q**4/24 - q**3/6 - 5*q**2. Let w(k) = 6*k - 1. Let r(p) = m*o(p) + 3*w(p). Give r(2).
7
Let z(u) = -u**2 + 5*u. Let v be z(4). Suppose -q - 6 = -v*q. Let y be (-5 + 6)*2/q. Let i(f) = -2*f**2 + f - 1. Determine i(y).
-2
Let w(f) be the first derivative of f**2/2 - 9*f + 18. Calculate w(11).
2
Suppose -2*n + 2*v = -0*v - 36, 0 = n + 4*v - 28. Suppose -5*a + 6*f - f = -n, f = -3*a + 4. Let c(k) = -3*k**2 + 3*k - 2*k - 2*k**a. Calculate c(1).
-4
Let x(g) = g + 8. Let o be (54/21)/(9/42). Let q be (-3)/o + (-3)/(-12). What is x(q)?
8
Let k = 11 + -6. Let l(h) = k*h - h**2 + 4*h - 4 - 3*h. Determine l(4).
4
Suppose -4*k + 5*k + 1 = 0. Let o(z) = 19*z**2 + 2*z + 1. Determine o(k).
18
Let m(d) = 4*d + 3. Let z(t) = -t + 1. Suppose -2*c = -6*c + 5*n + 24, 0 = 5*c - 2*n - 13. Let l(h) = c*m(h) + 5*z(h). Calculate l(7).
1
Let s be (-46)/(-14) + 4/(-14). Let u(k) = 4 - 6 + 4 + s*k - 5*k. Let m = 5 + -9. Calculate u(m).
10
Let l(o) be the second derivative of o**3/3 - o**2/2 - 20*o. Calculate l(7).
13
Let k = 32 - 32. Let v(b) be the third derivative of -5/24*b**4 + k + 1/6*b**3 + 0*b + b**2. Determine v(1).
-4
Let s = -56 - -106. Suppose -i - 4*i + s = 0. Let a(c) = -c**3 - i + 4*c - 4*c + 0*c + c**2. Calculate a(0).
-10
Suppose 0 = -0*n - 7*n - 28. Let u(r) = -r**3 - 4*r**2 - 5*r - 2. Give u(n).
18
Let v(g) = -g - 2. Suppose 0*o = o + 6. Let d be v(o). Let x(l) = -l**3 + 4*l**2 - 2*l + 5. Calculate x(d).
-3
Let g(o) be the third derivative of o**6/120 - o**5/60 - o**4/24 + o**3/6 - 2*o**2. Let w = 8 - -4. Let l be (-4)/3*w/8. What is g(l)?
-9
Let l be 2/(-20)*4*-5. Let f(u) = -19 + 0*u**l - u**2 - u**3 + 6. Give f(0).
-13
Let t = -35 + 35. Let d(c) = c - 19. Calculate d(t).
-19
Let s(v) = -v**2 + 2. Let y be s(0). Let b(r) be the second derivative of 1/10*r**5 + 1/6*r**4 + 0*r**2 - 1/3*r**3 - y*r + 0. Determine b(-2).
-4
Let l(b) be the third derivative of b**5/60 - 2*b**3/3 - b**2. Suppose 6 = g + 3. Suppose 0 = -4*p + w + 19, 4*p - p - 21 = g*w. Calculate l(p).
12
Let y(w) = -w**3 - w. Let b(i) = -3*i**3 + 4*i**2 - i. Let n(m) = b(m) - 2*y(m). Suppose 5 + 11 = 4*u. Determine n(u).
4
Let s(h) be the first derivative of -h**3/3 - 5*h**2/2 + 8*h + 1. Give s(-6).
2
Let m(o) be the first derivative of -o**2/2 - 3*o + 10. Suppose -q + 3 = -2*q. What is m(q)?
0
Let r(l) = l**3 + 7*l**2 + 5*l - 6. Let k = 27 - 33. Give r(k).
0
Let n be 6/3*3/(-3). Let j(q) = 6*q + 4*q - 11*q. Give j(n).
2
Let h be (42/(-35))/((-2)/5). Let p(k) = 2*k - 7. Let o(w) = 3*w - 13. Let d(a) = 4*o(a) - 7*p(a). What is d(h)?
-9
Let d(b) = 3*b**2 - 2*b + 1. Let s be d(1). Let u(q) = 2*q**3 - 2*q**2 - q - 1. Give u(s).
5
Suppose 25 + 10 = -5*k. Let w = k + 2. Let a be 1*(w + 2 + 0). Let g(z) = -z**2 - 4*z + 4. What is g(a)?
7
Let q(u) be the third derivative of -u**6/120 + u**5/10 - u**4/24 - 2*u**3/3 - 50*u**2. Let g be 8/6*9/2. Calculate q(g).
-10
Let w(r) = -2*r - 5. Let t = -4 - 0. Calculate w(t).
3
Let m(d) = 16*d**2 + d + 1. Let i(k) = k**2 - 7*k + 5. Let q be i(6). Give m(q).
16
Let d(q) = -q + 9. Let v be 0/(((-20)/5)/(-4)). Determine d(v).
9
Let s(q) = 6*q**2 - 3*q + 2. Let u(v) = -v**2. Let c(m) = -s(m) - 2*u(m). Calculate c(2).
-12
Let m(p) = 2 - 2*p - p**2 + 13*p - 6*p. Determine m(5).
2
Let k be (2/(-4))/(2/(-12)). Let u(w) = w**3 - 3*w**2 - w + 3. Calculate u(k).
0
Suppose 2*f = -2*f + 8. Let p(q) be the second derivative of q**3/6 - q**2/2 + 64*q + 1. Give p(f).
1
Let j(v) = -2*v - 8. Let s be j(-6). Let l(z) = z + 2. What is l(s)?
6
Let z be (-20)/8*(-4)/5. Let i(d) = -d**2 + d + 2. Let h(f) = 3*f**2 - 5*f**2 + 4 + 2*f - 2. Let q(c) = 2*h(c) - 3*i(c). Give q(z).
-4
Suppose -2*c = 3*c - 10. Let s(z) = 5*z - 1 + c + 0*z. Let i = -3 - -2. Determine s(i).
-4
Let a be -21*(12/(-9) + 1). Let p(y) = -2*y + 1. Calculate p(a).
-13
Let r(c) = c + 1. Let f be r(0). Let w(i) = -2 + f + 2 + 0. Let v(z) = z**2 + 5*z - 11. Let l(a) = -v(a) - 4*w(a). Give l(-5).
7
Suppose 0*q = -3*q + 3*l + 24, 2*q - 5*l - 31 = 0. Let k(i) = i**2 + 0*i**2 - 2*i**3 + 3*i**q. What is k(0)?
0
Let y(a) = 3*a + 0 + 0*a + 0*a - 2. Give y(-3).
-11
Let u(l) = -7*l - 1. Let p(t) = -11*t - 2. Let o(f) = 5*p(f) - 8*u(f). Give o(2).
0
Let a = 7 - 3. Let j(v) be the first derivative of 1/4*v**4 - v**3 - 5/2*v**2 - 2 - 2*v. Determine j(a).
-6
Let k(z) = -z**2 - 9*z + 3. Let l be k(-9). Suppose 0 = -x + l + 2. Suppose -5*d + x*s = 35, 4*s + 0 + 4 = -4*d. Let u(f) = f**2 + 5*f + 3. Calculate u(d).
-1
Let n(t) = -4*t + 2 - 3*t + 0*t + 8*t. Let c be n(4). Let u(d) = -d**3 + 7*d**2 - 7*d - 4. Give u(c).
-10
Let a(t) = 2*t**3 - 7*t**2 - 1. Suppose 2*f + 1 = -9. Let g(q) = 3*q**3 - 10*q**2 - 2. Let o(k) = f*g(k) + 8*a(k). Determine o(6).
2
Suppose 0 = -3*y + 5*y + 72. Let b be (12/(-36))/(2/y). Let x(j) = j**2 - 5*j - 5. What is x(b)?
1
Let z = 2 - 2. Let d(l) = l + z*l - 5*l. Suppose 7*i - 20 = -5*r + 2*i, 2*i - 1 = 5*r. Determine d(r).
-4
Suppose 4*x + 4*u = -x + 22, -u = 5*x - 13. Let t(c) = 3*c**x + c**2 + 5 - 6*c - 3*c**2. What is t(6)?
5
Let q(c) = 10*c**2 - 2*c - 3. Let t(a) = 5*a**2 - a - 1. Let m(o) = -2*q(o) + 5*t(o). Give m(2).
19
Let x(b) = -b. Let j(s) = -s + 9. Let a be j(3). Give x(a).
-6
Let x(p) = -27*p - 1. Let y = 80 - 81. Give x(y).
26
Let b(u) = -16*u + 9. Let s(a) = 16*a - 3. Let d(h) = -8*h + 1. Let v(k) = -7*d(k) - 4*s(k). Let n(t) = -6*b(t) + 11*v(t). Determine n(1).
9
Let f(j) be the third derivative of 0 + 1/2*j**3 + 5/24*j**4 - 